27 a prime number?
False
Is 121039 composite?
False
Is 15419 prime?
False
Is 75127 a prime number?
False
Is 8147 composite?
False
Is 140479 a prime number?
False
Is 11467 composite?
False
Is 8467 composite?
False
Is 85159 composite?
False
Is 291677 a prime number?
True
Is 71447 prime?
False
Is 22469 a prime number?
True
Is 218731 a composite number?
True
Is 245849 composite?
False
Is 4406 composite?
True
Is 1679 composite?
True
Is 3601 a prime number?
False
Is 365289 a composite number?
True
Is 16603 composite?
False
Is 11099 a composite number?
True
Is 71741 prime?
True
Is 800399 a prime number?
True
Is 573101 prime?
True
Is 33701 composite?
True
Is 751 a prime number?
True
Is 489761 a prime number?
True
Is 1684667 prime?
True
Is 6449 composite?
False
Is 703 prime?
False
Is 2170321 a prime number?
True
Is 10453 a prime number?
True
Is 33805 a prime number?
False
Is 5971 prime?
False
Is 45755 composite?
True
Is 565237 composite?
False
Is 586693 prime?
True
Is 1151 composite?
False
Is 12469 prime?
False
Is 7393 a prime number?
True
Is 1047 composite?
True
Is 940769 prime?
False
Is 31013 prime?
True
Is 1597 composite?
False
Is 3967 a prime number?
True
Is 38633 prime?
False
Is 724307 prime?
False
Is 90163 prime?
True
Is 193357 composite?
False
Is 19457 a prime number?
True
Is 359411 composite?
True
Is 27847 a composite number?
False
Is 1069 composite?
False
Is 81997 prime?
False
Is 159989 composite?
True
Is 111703 composite?
True
Is 69655 a composite number?
True
Is 2171431 a prime number?
True
Is 2669 composite?
True
Is 560471 a prime number?
True
Is 102149 prime?
True
Is 42269 a prime number?
False
Is 75821 prime?
True
Is 168743 a composite number?
False
Is 73099 a prime number?
False
Is 9491 composite?
False
Is 1639349 a prime number?
True
Is 8059 a prime number?
True
Is 428717 composite?
True
Is 51977 composite?
False
Is 83887 a prime number?
False
Is 285421 composite?
False
Is 2927 a composite number?
False
Is 42962 a composite number?
True
Is 26797 a composite number?
True
Is 350447 a prime number?
True
Is 32297 a composite number?
False
Is 6563 a prime number?
True
Is 4063 prime?
False
Is 92179 a composite number?
False
Is 1273099 prime?
True
Is 234199 a prime number?
False
Is 16291 composite?
True
Is 1357441 a composite number?
True
Is 205339 a composite number?
False
Is 473129 a prime number?
False
Is 7283 a prime number?
True
Is 21833 a composite number?
True
Is 887 composite?
False
Is 225887 composite?
True
Is 16883 a prime number?
True
Is 60811 prime?
True
Is 496445 a composite number?
True
Is 1469 a prime number?
False
Is 15959 a composite number?
False
Is 34915 a composite number?
True
Is 3491 composite?
False
Is 151777 a prime number?
False
Is 69313 a composite number?
False
Is 4111 composite?
False
Is 8989 a prime number?
False
Is 918331 prime?
False
Is 76729 a prime number?
False
Is 564041 a prime number?
True
Is 776039 a prime number?
False
Is 8663 prime?
True
Is 609491 a composite number?
True
Is 2099 a prime number?
True
Is 89959 a composite number?
False
Is 32827 a composite number?
True
Is 431303 a prime number?
False
Is 438047 prime?
True
Is 2581 composite?
True
Is 17693 composite?
True
Is 88553 prime?
False
Is 36169 composite?
True
Is 40063 a composite number?
False
Is 455969 prime?
True
Is 669 prime?
False
Is 14621 composite?
False
Is 410299 prime?
True
Is 245209 a composite number?
False
Is 146834 a composite number?
True
Is 13531 prime?
False
Is 5353 a prime number?
False
Is 100733 prime?
True
Is 50077 a composite number?
False
Is 52927 prime?
False
Is 19237 a prime number?
True
Is 12511 a composite number?
False
Is 1801 prime?
True
Is 81129 a prime number?
False
Is 387601 prime?
False
Is 57949 a composite number?
True
Is 4369 a composite number?
True
Is 4561 a prime number?
True
Is 412723 composite?
True
Is 8977 a prime number?
False
Is 2241667 composite?
False
Is 138813 a composite number?
True
Is 74771 a composite number?
False
Is 18763 a composite number?
True
Is 2333 prime?
True
Is 27253 composite?
False
Is 8377 a composite number?
False
Is 154387 composite?
False
Is 3109 a composite number?
False
Is 335591 prime?
True
Is 4381 a composite number?
True
Is 52499 a prime number?
False
Is 1341293 composite?
False
Is 138499 prime?
False
Is 852394 composite?
True
Is 14095 a prime number?
False
Is 2017 prime?
True
Is 3063057 prime?
False
Is 17258 prime?
False
Is 5077 a prime number?
True
Is 146467 a composite number?
True
Is 41893 prime?
True
Is 39079 a prime number?
True
Is 3397339 a composite number?
True
Is 137303 a composite number?
False
Is 5257079 a composite number?
False
Is 370559 composite?
True
Is 17677 a prime number?
False
Is 288349 prime?
True
Is 1682233 a composite number?
True
Is 1552643 a composite number?
False
Is 144331 composite?
True
Is 11197 prime?
True
Is 58271 a prime number?
True
Is 25969 composite?
False
Is 109987 prime?
True
Is 60985 composite?
True
Is 848557 composite?
False
Is 16127 a prime number?
True
Is 260317 prime?
True
Is 4619 composite?
True
Is 35239 a composite number?
True
Is 49493 a prime number?
False
Is 48883 a prime number?
True
Is 38195 a composite number?
True
Is 9487 composite?
True
Is 236931 prime?
False
Is 10559 a composite number?
False
Is 5054585 composite?
True
Is 75079 composite?
False
Is 178469 composite?
False
Is 1639 a composite number?
True
Is 512959 a prime number?
True
Is 238978 a prime number?
False
Is 370373 a composite number?
False
Is 31531 composite?
False
Is 33851 composite?
False
Is 532241 a composite number?
False
Is 449 prime?
True
Is 2077 prime?
False
Is 224261 composite?
False
Is 17203 prime?
True
Is 241789 composite?
True
Is 2373247 prime?
True
Is 499781 a composite number?
False
Is 1137193 prime?
False
Is 417763 prime?
True
Is 70442 a prime number?
False
Is 463261 prime?
True
Is 3333493 composite?
True
Is 7753 composite?
False
Is 209869 composite?
True
Is 33589 a prime number?
True
Is 51787 composite?
False
Is 5545 a composite number?
True
Is 1527 prime?
False
Is 144721 a prime number?
False
Is 112687 composite?
False
Is 44539 a composite number?
True
Is 179777 composite?
True
Is 755455 a prime number?
False
Is 1273003 a composite number?
True
Is 4499 a prime number?
False
Is 760973 prime?
False
Is 186211 prime?
True
Is 63241 prime?
True
Is 2789 a prime number?
True
Is 23183 composite?
True
Is 465151 a composite number?
False
Is 764333 a composite number?
True
Is 18947 prime?
True
Is 94291 prime?
True
Is 30949 composite?
False
Is 51229 composite?
False
Is 4637 composite?
False
Is 38881 composite?
True
Is 84261 a prime number?
False
Is 57621 composite?
True
Is 76991 composite?
False
Is 2333 prime?
True
Is 2743 a composite number?
True
Is 17417 composite?
False
Is 13235 a composite number?
True
Is 2598091 prime?
True
Is 88183 a composite number?
True
Is 36433 prime?
True
Is 6691 prime?
True
Is 22613 prime?
True
Is 43607 prime?
True
Is 12197 a composite number?
False
Is 21683 prime?
True
Is 7393 a prime number?
True
Is 15373 prime?
True
Is 180707 a prime number?
False
Is 526423 a composite number?
False
Is 197429 composite?
True
Is 116341 prime?
True
Is 31121 prime?
True
Is 4421 composite?
False
Is 43387 a composite number?
True
Is 1217351 a composite number?
False
Is 224591 prime?
True
Is 182141 a prime number?
True
Is 1759 a composite number?
False
Is 489107 a prime number?
False
Is 543113 prime?
True
Is 40453 prime?
False
Is 56759 a composite number?
True
Is 45371 a prime number?
False
Is 4399 a prime number?
False
Is 480661 a composite number?
False
Is 10559 composite?
False
Is 7069 composite?
False
Is 150454 a composite number?
True
Is 2705 a composite number?
True
Is 36323 a composite number?
True
Is 203903 a composite number?
True
Is 76295 a prime number?
False
Is 315841 a composite number?
True
Is 30007 a prime number?
False
Is 228991 a composite number?
True
Is 20203 a prime number?
False
Is 788087 a prime number?
True
Is 331 a composite number?
False
Is 293399 a composite number?
False
Is 38261 a composite number?
False
Is 78673 composite?
True
Is 48017 a composite number?
False
Is 37279 prime?
False
Is 5029653 a composite number?
True
Is 490109 composite?
True
Is 9871 composite?
False
Is 2333 prime?
True
Is 2743079 composite?
False
Is 78364